 factors of v?
2, 3, 19
Let n(t) = -27*t**3 + 6*t**2 + t + 2. Let m be n(-2). Suppose -p = c - 87, 3*c = 3*p + p + m. What are the prime factors of c?
2, 3, 7
Suppose 5 = -w + 9. Suppose 4*v = -2*i + 8, 5*i - w*v = -v + 72. What are the prime factors of (-3)/(-12) + 273/i?
23
List the prime factors of 0 - ((-8 - -4) + 2 + -442).
2, 3, 37
What are the prime factors of 8*((-133)/(-6) + (-9)/54)?
2, 11
Suppose 3*v = 2*p - 71 - 530, 0 = -3*p - v + 874. List the prime factors of p.
293
Suppose -2*p + 3*p = -1, 0 = 3*t - 4*p + 239. Let d = t + 221. Suppose -4*s = -0*s - d. What are the prime factors of s?
5, 7
Let w be 0 + ((-1)/(-2))/((-2)/12). What are the prime factors of ((-44)/(-12) + w)*93?
2, 31
Suppose x = 5*p - 3*p - 966, -3*x = -p + 483. Suppose -2*h - 5*h + p = 0. What are the prime factors of h?
3, 23
Suppose -11*t - 782 = -2146. What are the prime factors of t?
2, 31
Let q = 1 + 6. Suppose 0 = -m + 3*r - q, -3*m = -2*m + 3*r - 17. Suppose -72 = m*t - 9*t. List the prime factors of t.
2, 3
Suppose 0 = -8*i + 5*i. Suppose 3*u + 4*d + 1 - 10 = i, 15 = 5*u + 4*d. Suppose 5*o + z = -4*z + 145, -u*z + 9 = 0. List the prime factors of o.
2, 13
Suppose -410 - 285 = -5*h. Suppose -11 = -a + h. Suppose 0 = 4*z - 9*z + a. What are the prime factors of z?
2, 3, 5
Let m = -599 - -1844. List the prime factors of m.
3, 5, 83
Let z(g) = 37*g + 11. Let c be z(5). What are the prime factors of 3/(3 - 576/c)?
7
Let m(q) = 2*q - 6 - q**2 + 4*q + 20 + q**3 + 6*q**2. What are the prime factors of m(-4)?
2, 3
Suppose 4*f = 3*z - 2443, 2*z - 2442 = f + 3*f. Let j = -344 - f. What are the prime factors of j?
2, 7, 19
Let n = -2505 - -4473. List the prime factors of n.
2, 3, 41
Let g(t) be the third derivative of t**7/1260 + t**6/144 + t**5/10 + 5*t**2. Let l(z) be the third derivative of g(z). List the prime factors of l(6).
29
Let f(c) = -181*c - 117. List the prime factors of f(-8).
11
Let t(n) = -n**3 - 4*n**2 - 7*n - 7. Let s be t(-5). Suppose -79 - s = -2*w. Let m = -47 + w. What are the prime factors of m?
19
Let b = 4780 + -2575. List the prime factors of b.
3, 5, 7
Let o = 115 + 385. What are the prime factors of o?
2, 5
Let p(l) = -l**2 + 10*l + 7. Let u(w) = 6*w**3 + w**2 - 1. Let i be u(1). Suppose 20 = -2*v + i*v. List the prime factors of p(v).
2
Let o(y) be the third derivative of -y**5/60 - y**4/3 + 5*y**3/6 + 3*y**2. Let q be o(-6). What are the prime factors of 6/(-51) - (-563)/q?
3, 11
Let s(m) = 447*m**2 + 2*m + 2. List the prime factors of s(-2).
2, 19, 47
Let b(s) = 162*s + 3*s**2 - 3 - 13 - 82*s - 97*s. What are the prime factors of b(-8)?
2, 3, 13
Let v(y) = 64*y - 52. List the prime factors of v(9).
2, 131
Suppose 0 = -13*f + 61*f - 98016. What are the prime factors of f?
2, 1021
Let k = 38 - -4. Let q = -20 + k. What are the prime factors of q?
2, 11
Suppose -371*d + 368*d = -5088. List the prime factors of d.
2, 53
Let z be (-32)/(-14) - 4/14. What are the prime factors of (z/4)/((-15)/(-2610))?
3, 29
Let g(u) = u**3 + 13*u**2 - 15*u - 12. Let b(v) = -11*v**2 - 3*v + 4. Let z be b(2). Let k = z - -32. List the prime factors of g(k).
2
Let z(k) be the first derivative of k**3/3 - 11*k**2/2 + 12*k - 4. Let h be z(10). Suppose 3*j + 2*j - 3*m = 165, m = h*j - 65. List the prime factors of j.
2, 3, 5
Suppose 5*l + y + 3*y - 15 = 0, -9 = -3*l - 2*y. Suppose 7*c - 122 = -l. List the prime factors of c.
17
Suppose -2628 - 452 = -11*i. What are the prime factors of i?
2, 5, 7
Let b(h) = h**2 - 6*h + 8. Let r be b(5). Suppose 2*w = 5*y - 0*y + 77, 0 = -r*w + 3*y + 93. List the prime factors of w.
2, 13
Let p = 15146 - 8651. What are the prime factors of p?
3, 5, 433
Let b(i) = i**3 + 9*i**2 + 7. Let x be b(-9). Suppose -5*h = -2*p - 42, -x = -3*h + 5*p + 22. List the prime factors of h.
2
Let j = -25 - -14. Let b = 6 + j. List the prime factors of (-88)/b + (-8)/(-20).
2, 3
Let x(y) = -222*y - 423. List the prime factors of x(-9).
3, 5, 7
Let l(q) = 16*q - 5. Let g be l(3). Suppose -145 = -2*n + 2*f + g, 379 = 4*n - 3*f. What are the prime factors of n?
97
Let y be (5 - 11)*(-4)/6. Suppose 0*x + w + 82 = y*x, -3*x + 58 = w. Suppose 2*o = -2*j + j + x, 25 = 3*o - j. List the prime factors of o.
3
List the prime factors of 0/2 - (0 - 10/5).
2
Suppose -34*o + 35400 = 26*o. List the prime factors of o.
2, 5, 59
Let i be (-2)/(68/(-20) + 3). Suppose -2*a + 63 = -i*x, 5*a + 2*x = -2*x + 174. Let y = a - 12. List the prime factors of y.
2, 11
Let f(p) = -p**3 - p**2 - 4*p + 1. Let v be f(-4). What are the prime factors of v*(-1 - (-4)/2) + 1?
2, 3, 11
Suppose s + 2773 = 2*x, 0*s = -3*x + 5*s + 4163. What are the prime factors of x?
2, 3, 7, 11
Suppose -r + 3*f - 5*f = 172, 0 = r + f + 167. List the prime factors of 12/(-15) + (-36)/40*r.
5, 29
Let z = 246 + 704. What are the prime factors of z?
2, 5, 19
Let i(x) = -x**3 + 10*x**2 - 24. Let k be i(9). Let n = k + -40. List the prime factors of n.
17
Let i be (-77)/4 - 3/4. List the prime factors of (2/1)/((-5)/i).
2
What are the prime factors of 3/(-24) + (-1631672)/(-448)?
2, 3, 607
Suppose -6 = 2*q, 2*u = -5*q + 1 - 4. Suppose 0 = -u*r + 3*r + 72. What are the prime factors of r?
2, 3
Let x be -4*(-4 + 75/20). Let c = x - -93. List the prime factors of c.
2, 47
Let m(t) = -t - 1 + 2*t + t. Let o be (-18)/8*4/(-3). What are the prime factors of m(o)?
5
Suppose -5*b + 4 = 2*p, 0*p - 5*p = 5*b - 10. Suppose -72 = -t - 5*l, -3*t - t = -p*l - 244. What are the prime factors of t?
2, 31
Let n(b) = -59*b + 30. Let z be n(8). Let p = z - -732. List the prime factors of p.
2, 5, 29
Suppose -4*q + 2 = -2. Suppose o + 3*y - q = 17, 0 = y - 5. Suppose 3*b - 2*z + 1 = 42, -o*z - 68 = -5*b. List the prime factors of b.
13
Let p be ((-6)/5)/(12/(-30)). Suppose -p*q - q = 0. Suppose -z + 14 = -4*o - q, 3*o = 3*z - 51. List the prime factors of z.
2, 3
Suppose -5487 + 1029 = -2*t + 3*l, 2*l + 8 = 0. List the prime factors of t.
3, 13, 19
Let b(a) = 3*a - 3. Let v be b(4). Suppose 0 = v*i - 7*i + 102. Let u = i + 72. List the prime factors of u.
3, 7
What are the prime factors of 598 - 9/((-36)/(-16))?
2, 3, 11
Let b be (-2)/14 - 66/(-21). Let k be b + 14/(6/3). Suppose 0 + k = 5*q, 24 = w + q. What are the prime factors of w?
2, 11
Let z = -788 - -1651. What are the prime factors of z?
863
List the prime factors of (12/(-14))/(39/(-132223)).
2, 1453
Let x(m) = m**2 + 16*m - 15. Let d be x(-17). Let i(o) = 265*o - o**2 + 6*o**d - 267*o. What are the prime factors of i(2)?
2
Suppose 0*a - 4 = -2*a. Suppose -a*w = -6*w. Suppose w = 5*g - 3*g - 56. What are the prime factors of g?
2, 7
Let r(j) = 421*j - 256. What are the prime factors of r(8)?
2, 389
Suppose 9*u = 6*u + 2*g + 711, -3*g = -9. What are the prime factors of u?
239
Let b be (-327)/(-5) + 6/(-15). Let i(a) = -a + 4. Let p be i(4). Let u = b - p. List the prime factors of u.
5, 13
Let r(z) = 37*z + 11. Let u be r(-8). Let v = -203 - u. Suppose 0 = -3*g + 3*t + 2*t + v, -5*g + 142 = -3*t. What are the prime factors of g?
29
Let o(n) = -12*n**2 - 6*n - 4. Let w be o(-3). Let l = w + 214. List the prime factors of l.
2, 3, 5
Let q(d) = 7*d**2 + 17*d - 7. What are the prime factors of q(13)?
11, 127
Suppose 4*v - 3*i - 1841 + 104 = 0, -4*v - 5*i + 1713 = 0. What are the prime factors of v?
2, 3
Let h(k) = k**3 + 7. Let z be h(0). Suppose z*t - 2*t = 180. List the prime factors of t.
2, 3
Suppose 3*p - 7*p = -560. Let b = 78 + p. What are the prime factors of b?
2, 109
Suppose 5*r = -5*d - 25, -4 = -2*r + 5*d - 14. Let u(n) = n**3 + 4*n**2 + n + 33. What are the prime factors of u(r)?
3
Let p(o) = 20*o - 2*o**2 - 12 - 7*o**2 + 8*o**2. What are the prime factors of p(11)?
3, 29
Suppose 44*u = 45*u - 3. Suppose 3*g - 3*s - 665 = -122, -564 = -u*g - 4*s. What are the prime factors of g?
2, 23
Suppose 5*f - 2*f = -531. Let a = 150 - f. List the prime factors of a.
3, 109
Let c = 787 - 277. What are the prime factors of c?
2, 3, 5, 17
List the prime factors of 2669/(-51)*2/((-4)/6).
157
Let m(c) = -c + 8. Let n be m(6). Let l = -129 + 143. Suppose n*z - l = z. What are the prime factors of z?
2, 7
Let i(d) = 3*d + 4. Let c(f) = -f - 9. Let m be c(-15). What are the prime factors of i(m)?
2, 11
Let c = 343 + -219. Let l = -64 + c. List the prime factors of l.
2, 3,